811/455)?
151
Let b(p) = p**3 - 6*p**2 + 17*p + 17. What are the prime factors of b(9)?
7, 59
Let q(k) = -5*k**3 + k - 1. Let p(s) = s**2 + 18*s - 21. Let v be p(-19). List the prime factors of q(v).
37
Let y(o) = -4*o**3 + 10*o**2 - 3*o + 6. Let c be y(6). What are the prime factors of (8/12)/((-8)/c)?
43
Suppose 2*r - 18 = -x + 49, 2 = -2*r. Let z(n) = n**2 - 3*n + 7. Let c be z(6). Let t = x - c. List the prime factors of t.
2, 11
Let j(t) = t**2 + t + 2. Let p be j(3). Let n = -12 + p. Suppose 2*c + n*c - 4*a - 100 = 0, -82 = -3*c - 4*a. What are the prime factors of c?
2, 13
Suppose 13*d - 18 = 12*d. Suppose 0 = 3*k + 4*s - d - 25, 3*k - 88 = 5*s. Suppose -3*n + k = -42. What are the prime factors of n?
3, 7
Let r be (-1568)/(-10) + 4/20. Let l be 32/18 - (-4)/18. Suppose -5*f - 4*d = -r, -3*d - 49 = -l*f - 0*d. What are the prime factors of f?
29
Suppose w + 3*x - 8*x - 8 = 0, -5*x - 5 = 0. What are the prime factors of w?
3
Suppose -20*b = -17006 - 12494. List the prime factors of b.
5, 59
Let n = -417 - -1094. List the prime factors of n.
677
Suppose 28 = 4*z - 4*h - 0*h, -3*h = 0. Let v = z + -27. Let s = 42 + v. What are the prime factors of s?
2, 11
Suppose -4*n - 3*g + 0 = -56, -n - 4*g = -14. Let t = -20 - -5. Let w = n - t. List the prime factors of w.
29
Let y(u) = -3*u**3 - 3*u**2 + 4*u + 2. Let f(w) = -w**2 - 6*w + 4. Let l be f(-5). Suppose 0 = -l*a + 3*a - 18. What are the prime factors of y(a)?
2, 11
Suppose 0*f + 2*f = 0. Suppose 0 = -5*g + 4*w + 208, 124 = 3*g - f*w - 2*w. What are the prime factors of g?
2, 5
Let s(d) = 122*d - 101. List the prime factors of s(23).
5, 541
Let w(u) = u**2 + 46*u + 37. List the prime factors of w(18).
29, 41
Let f = 151 + 87. Suppose -j + u + f = -4*u, -521 = -2*j + u. What are the prime factors of j?
263
Let z be (-12)/(-9)*273/14. Let h be (-11 - -3)/((-2)/z). Suppose 79 = 3*p - h. What are the prime factors of p?
61
What are the prime factors of (7/3)/(6/972)?
2, 3, 7
Let a = -2999 + 5418. What are the prime factors of a?
41, 59
Let a = 738 - 659. What are the prime factors of a?
79
List the prime factors of -1 - ((-2715)/(-20) - 5)*-4.
2, 3, 29
Let j(b) = -4*b**3 + 2*b**2 + 5*b + 2. Let p be j(-1). Let q = -132 - -214. Suppose 0 = -p*y + q + 8. What are the prime factors of y?
2, 3, 5
Suppose 406 = -5*t - h + 4486, 3*t + 3*h - 2448 = 0. List the prime factors of t.
2, 3, 17
Suppose 2*l = 4*j + 132, -2*j - 3*j + l - 162 = 0. Let a = j + 57. What are the prime factors of a?
5
Suppose -3*y = -15, 5*i = 5*y + 682 + 818. What are the prime factors of i?
5, 61
Let o(v) = 22*v + 6. Let j(i) = 66*i + 17. Let y(u) = -4*j(u) + 11*o(u). What are the prime factors of y(-1)?
2, 5
Let a(i) be the third derivative of -i**6/360 - i**5/15 - i**4/12 - i**3/6 - 4*i**2. Let o(m) be the first derivative of a(m). List the prime factors of o(-7).
5
Let q(a) = 54*a**2 - 22*a + 101. List the prime factors of q(8).
3, 7, 23
Suppose 4*i - 3032 = i + 4*g, 0 = 2*g + 10. What are the prime factors of i?
2, 251
Let p = 22 - 27. Let y(a) = -26*a - 3. Let o be y(p). Let v = o - 74. List the prime factors of v.
53
Let l be 5/2*(-144)/(-20). Suppose 0 = -u + 37 - l. What are the prime factors of u?
19
Suppose 0 = 25*x + 2349 - 12374. List the prime factors of x.
401
Let x = 255 - 100. Suppose 4*t = 4*n - t - x, -2*n - t = -95. What are the prime factors of n?
3, 5
Let a = -8 - -2. Let b(f) = 22*f + 6. Let d be b(a). List the prime factors of d/(-12) + 2/(-4).
2, 5
Suppose 6*b - 8 - 70 = 0. Suppose -17*j = -b*j - 524. List the prime factors of j.
131
Suppose -5*k - 175 = 5*q, 0 = -k - 0*k - 5. List the prime factors of 126/(-35)*q/4.
3
Let n(w) = 13*w - 8. Let l(h) = 14*h - 7. Let b(m) = -3*l(m) + 4*n(m). List the prime factors of b(3).
19
Let s(i) = 20*i**2 + 11*i + 53. What are the prime factors of s(-4)?
7, 47
Let a(p) = -p**2 - 4*p + 6. Let u be a(-5). Let c(y) = -y**2 + 11*y + 7. Let g(n) = -n - 1. Let t(m) = u*c(m) - 5*g(m). What are the prime factors of t(13)?
3, 17
Let k(p) = 6*p**2 - 24*p - 10. What are the prime factors of k(-6)?
2, 5, 7
Let i = -28 - -29. Suppose i = 2*y - 7. Suppose l = -y*x + 42, 5*x + 17 - 129 = -3*l. List the prime factors of l.
2, 17
Let x be 6*(-1 + 4/8). List the prime factors of (x - 0 - -3) + 4.
2
Let n(c) = -2*c. Let j(s) = -s**2 - 4*s + 6. Let f(h) = -j(h) - 2*n(h). Let k = 7 - 18. List the prime factors of f(k).
3
Suppose 2*q + 80 - 362 = 0. List the prime factors of q.
3, 47
Suppose -3*z + 7*z = r + 5868, -5868 = -4*z - 2*r. What are the prime factors of z?
3, 163
Let l(q) = -q**2 - 11*q + 2. Let o be l(-11). Suppose -b + 723 = 5*n, 280 = o*n + 3*b + 2*b. What are the prime factors of n?
5, 29
Let r(p) = p**2 - 11. Suppose -7 = -c + 8. Let j = 20 - c. What are the prime factors of r(j)?
2, 7
Suppose 0 = 7*k + 52 - 185. Suppose 2*d - 117 = -k. What are the prime factors of d?
7
Let k = -81 - -125. Let q(f) = 2*f**2 - 3*f + 2. Let i be q(2). Suppose 0*o - k = -i*o. List the prime factors of o.
11
Suppose -2*z = 12 - 452. List the prime factors of z.
2, 5, 11
Let t(a) = -3*a + 5. Suppose -q = 5*r - 6*q - 45, q = 2*r - 13. Let b be t(r). Let v = 30 - b. List the prime factors of v.
37
What are the prime factors of (-24)/(-13) + (-22)/(-143) + 1612?
2, 3, 269
Suppose 6 = 2*d + 2*s, d = -2*d - 2*s + 8. Suppose -3*f - 6 = 2*u, 0 = -5*f + 6*u - u + 15. Suppose f*y = d*y - 34. List the prime factors of y.
17
Let b(m) = -9*m**2 - 12*m + 45. Let n(o) = 4*o**2 + 6*o - 23. Let v(d) = 2*b(d) + 5*n(d). List the prime factors of v(-9).
83
Let k be (-4 + 2)*-1 - 3. What are the prime factors of 3 - (-43 + -3 - k)?
2, 3
Let q(n) = -n**2 + 14*n - 4. Suppose -60 = -8*b + 3*b. Let j be q(b). Suppose t - 226 = -5*v, 4*t + j = -5*v + 234. What are the prime factors of v?
2, 23
Let p be 10/35 - (-206)/14. Suppose -3*v + 10 = 4*m + 2*v, -5*v = -m + p. List the prime factors of 32/(-6)*(-1 - m).
2
Suppose 14*m - 9*m = 20, -5072 = -2*a + 4*m. What are the prime factors of a?
2, 3, 53
Suppose 5 = 5*z + 2*u, 4*u - 2*u - 10 = 0. List the prime factors of z + (-7)/((-14)/16) - 1.
2, 3
Let b(d) = -d + 10. Let k be b(9). What are the prime factors of 0/(-4) + 147/k?
3, 7
Suppose 4770 = -0*y + 15*y. What are the prime factors of y?
2, 3, 53
Let l be 2/((12/(-39))/(-2)). Suppose 2*f - 38 = -3*i - l, -3*i = -f - 19. Suppose -2*o = -i*o + 30. What are the prime factors of o?
2, 3
Let s = 41 + 725. List the prime factors of s.
2, 383
Let f(h) = h**3 - 16*h**2 + 6*h - 13. Suppose -77*t + 64 = -73*t. What are the prime factors of f(t)?
83
Suppose 22612 + 35237 = 33*g. What are the prime factors of g?
1753
Suppose -2*w = -3*a - 676, 4*a - 10 = -a. List the prime factors of w.
11, 31
Let w(i) = -5 + 13*i + 3*i**2 + 7 - 2*i**2 + 7. Let f be w(-11). What are the prime factors of f/(-1) + (-1)/1?
2, 3
Suppose 4*y + 4 = 0, y = -w - 2 + 3. Let r be (-1)/(w/8) + 4. Suppose r*p - 156 = -3*p. What are the prime factors of p?
2, 13
Let g = -3382 + 5909. List the prime factors of g.
7, 19
Suppose 0 = p - 4 + 2. Suppose -p*v + 4 = 4*y, 2*v - 6*v - y = 13. Let d(w) = w**3 + 6*w**2 + w + 3. What are the prime factors of d(v)?
31
Suppose 0 = 3*q - 2*d - 3931, -4*q + 2818 = -3*d - 2424. What are the prime factors of q?
7, 11, 17
Let u(r) = r + 19. Let y be u(-14). Suppose y*b = 4 + 6. Suppose -3*x + 55 = -4*w + 2*w, 0 = b*x + 3*w - 28. List the prime factors of x.
17
Let v(a) = a**3 + 6*a**2 - 3*a + 5. Suppose 0 = -2*q + 4*k + 24, 2*q - 4 = -k - 5. Let s = -8 + q. List the prime factors of v(s).
23
Suppose -9042 = -2*d + s - 2642, -d + 3210 = -3*s. List the prime factors of d.
2, 3, 13, 41
Suppose -5*f = -10*f + 15. Let l(h) = h - h**3 + 2*h**3 - 1 + 7*h**f - 5*h**3. List the prime factors of l(2).
5
Let v = -1114 - -1579. List the prime factors of v.
3, 5, 31
Let u(s) = s**3 + s**2. Let m(t) = -89*t**3 + 5*t**2 + 2*t - 1. Let b(x) = -m(x) + 6*u(x). Let f be b(1). Suppose 7*j - f = 2*j. List the prime factors of j.
19
Suppose 0 = -t + 4*g + 14, -30 + 3 = -3*t - 3*g. Suppose -281 = -t*c + 839. What are the prime factors of c?
2, 7
Suppose 33 = 5*s - 4*x, -s + 2*x + 10 = 1. Suppose i = 1 + 3. Suppose s = -i*f + 13. What are the prime factors of f?
2
Let p(q) = 203*q**2 + 5*q + 2. Let n(x) = -202*x**2 - 5*x - 2. Let d(l) = 3*n(l) + 4*